se 8*d = 22*d - 1134. Calculate the remainder when 323 is divided by d.
80
Let d be 432/(-45) - (-4)/(-10). Let s be d/(-4)*12/2. Suppose -30 - s = -5*t. What is the remainder when t is divided by 3?
0
Let y be (-5)/5 - 7*-11. Let u = 156 - y. Calculate the remainder when u is divided by 41.
39
Suppose -3*y - 12 = -3*j, -3*j + 21 = -4*y + 5. Let q(h) = -7*h - 6. Let d be q(-3). Suppose j*g + d = g. Calculate the remainder when 27 is divided by g.
12
Let x be 4/(-10) - 13*(-2)/(-10). What is the remainder when x - (3 - 121) - -5 is divided by 41?
38
Let b = -1124 - -1127. What is the remainder when 424 is divided by b?
1
Let h(l) = 6*l + 245. What is the remainder when -230*1/(0 + -2) is divided by h(-36)?
28
Let s(x) = 2*x**3 + 26*x**2 + 18*x + 3. What is the remainder when s(-12) is divided by 12?
3
Suppose 4*a - 17766 = -k, -3*k = 3*a - 6*k - 13317. What is the remainder when a is divided by 11?
8
Let j be 504/10 - 10/25. Suppose -5*p + j = -0. Calculate the remainder when 16 is divided by p.
6
Let o(u) be the first derivative of u**4/2 + 7*u**3/3 - 4*u**2 - 2*u - 3. Calculate the remainder when 103 is divided by o(2).
25
Suppose 54 = -0*t + 3*t - 3*w, -5*w = -4*t + 72. What is the remainder when 62 is divided by t?
8
Suppose -2*j + k = -21, 7*j + 2*k - 57 = 2*j. Let c(i) = 2*i**2 + 14*i - 7. Let v be c(-11). Let o = v + -78. What is the remainder when j is divided by o?
2
Let z(d) = 156*d + 2. Let f be z(-1). What is the remainder when f/(-4) + (-7)/(-14) is divided by ((-10)/1*-1)/1?
9
Let j(g) = -4*g**2 - 60*g + 3. Let l be j(-15). Suppose -7*m + l*m = -172. Calculate the remainder when m is divided by 4.
3
Suppose 14*d + 45 = 17*d. Suppose d + 7 = 2*w. What is the remainder when 41 is divided by w?
8
Suppose 5*y - 36 = 24. Suppose y + 3 = -o. Calculate the remainder when 20 is divided by (33/o)/((-1)/5).
9
Suppose 20 - 251 = -3*k. Let c(x) = x**3 - 17*x**2 + 29*x + 41. What is the remainder when k is divided by c(15)?
25
Suppose -10*y = 3*k - 7*y - 438, -k - 5*y = -154. What is the remainder when k is divided by 136?
8
Let a be 2/4 + (-9)/(-6). Suppose 0 = 4*u - a*u - 2, -5*u + 233 = 4*h. Let c = h - 9. Calculate the remainder when c is divided by 10.
8
Suppose 23 + 97 = 3*k. Suppose -2*r = -4*r, -r + k = 2*f. Let w = 23 - f. Calculate the remainder when 8 is divided by w.
2
Calculate the remainder when (-10 - (-1188)/121) + 1971/11 is divided by 26.
23
Let p = -73 + 88. What is the remainder when 21 is divided by p?
6
Let z(w) = 2*w + 105. Calculate the remainder when z(-19) is divided by 10.
7
Let t = -261 - -407. Suppose -v = 4*a - 15 - 101, 5*a - t = -v. What is the remainder when a is divided by 16?
14
Let r be 543/(-15) + (-11)/(-5) + -2. Let u = r - -62. Calculate the remainder when u is divided by 61/7 + 4/14.
8
Suppose 3*g = -g - 2*k + 30, -2*g = -2*k. Suppose 0 = 5*w + g*j - 985, -3 = -3*j + 6. Calculate the remainder when w is divided by 14.
12
Suppose 3*c - 3*k = -69, -3*k + 6*k - 33 = c. Let j = 3292 - 3259. What is the remainder when ((-129)/9)/(2/c) is divided by j?
30
Let m(z) = 6*z - 7. Suppose 19*u - 1 = 18*u + 5*h, -u = -h - 17. Calculate the remainder when m(8) is divided by u.
20
Let v(m) = m**2 - 16*m - 240. Calculate the remainder when v(27) is divided by 15.
12
Let k(o) = -15*o + 6. Let n(b) = b**2 - 6*b - 2. Let p be n(6). What is the remainder when k(p) is divided by 19?
17
Suppose 0 = 3*y + 241 - 742. Calculate the remainder when y is divided by 14.
13
Suppose 0 = 4*c - 4*t - 476, 0 = 4*c - 0*t + t - 496. Calculate the remainder when c is divided by 14.
11
Suppose 5*l + h - 259 = 0, 210 = 5*l - l - 2*h. Suppose -1 = -3*g + 53. Calculate the remainder when l is divided by g.
16
Suppose -12 = -4*v + 12. Let x(r) be the first derivative of r**3 + 15*r**2/2 - 13*r + 13. Calculate the remainder when x(-7) is divided by v.
5
Let p = 203 + -183. Calculate the remainder when 80 is divided by p.
0
Suppose f - 183 = 3*u, 31*u + 173 = f + 26*u. What is the remainder when 408 is divided by f?
12
Calculate the remainder when 44 is divided by (-15*(-6)/27)/(10/75).
19
Let b(u) = 5*u - 1. Let d be b(7). Let t = d - -3. What is the remainder when t is divided by 20?
17
Let l be -3*1 + (162/6)/3. Suppose 137 + 19 = l*k. What is the remainder when k is divided by 6?
2
Let i be (-2)/2 - (7 - 3). Let r = i - -37. Suppose r = w + w. What is the remainder when 28 is divided by w?
12
Suppose -88 + 754 = 9*w. Let p be (23 - -2) + (0 - 0). Suppose -32 - p = -3*i. What is the remainder when w is divided by i?
17
Let g = -11 - -9. Let h = 10 - g. What is the remainder when 33 is divided by h?
9
Suppose -62 + 20 = -2*c - 2*u, -u - 13 = -c. Let d(r) = 2*r**2 - 5*r + 4. Calculate the remainder when d(6) is divided by c.
12
Let p(v) = -5*v - 1. Let z be p(-1). Suppose z*x + 188 = 3*s - x, -2*s - 3*x = -119. Calculate the remainder when s is divided by 32.
29
Let l be 10/25 + 2/(-5). Suppose l = -2*t - 6*v + 4*v + 160, v = -4*t + 305. What is the remainder when t is divided by 19?
18
Suppose -27*t + 5370 + 300 = 0. What is the remainder when t is divided by 34?
6
Let z(y) = y + 10 - 9 - 4. What is the remainder when -2 + (-3 - (1 + -15)) is divided by z(6)?
0
Suppose 0 = -55*r + 714 + 221. Let i(k) = -k**3 + 7*k**2 - 6*k + 6. What is the remainder when i(4) is divided by r?
13
Let q = -6 + 9. Suppose 3*r = 2*f + 640, q*r + 0*f = -4*f + 610. Suppose -5*w = -2*h + 7*h - r, -w - 3*h = -50. What is the remainder when w is divided by 13?
12
Suppose -282 = -15*a - 42. Calculate the remainder when 271 is divided by a.
15
Let n = 74 - 135. Let i = n - -73. Calculate the remainder when 70 is divided by i.
10
Suppose 485*g - 790 = 475*g. What is the remainder when 240 is divided by g?
3
Suppose -4*s = 5*o - 211, -s - 3 = -o - 67. Let b(r) = -3*r - 12. What is the remainder when s is divided by b(-8)?
11
Suppose -22*r + 1066 = -474. Calculate the remainder when 140 is divided by r.
0
What is the remainder when -1 + 10 + 439 + -58 is divided by 40?
30
Suppose 2*f + 0 - 10 = 0, 2 = 4*j + 2*f. Let z be (j + -74)*1/(-2). Let g = z + -15. What is the remainder when 66 is divided by g?
20
Let m = 34 + -40. Calculate the remainder when (2/4 + (-43)/m)*6 is divided by 6.
4
Let y(v) = 7*v**2 - 13*v + 19. Calculate the remainder when y(6) is divided by 49.
46
Let a = -48 + 51. Suppose -43 - 62 = -a*l. Calculate the remainder when l is divided by 8.
3
Let o = -22 - -27. Suppose -o*y - 12 = 18. What is the remainder when 11 is divided by (3 + -1)*(-21)/y?
4
Suppose -h + 5*b = h - 11, -2*h + 3*b + 9 = 0. Suppose -68 - 4 = -h*w. Let i = 33 - w. What is the remainder when 34 is divided by i?
7
Suppose -5*g - 15 = -5*u - 0*g, -5*g - 11 = -3*u. Let j be 1/(1/4*u). Suppose 4*l - j - 22 = 0. What is the remainder when 21 is divided by l?
3
Calculate the remainder when 526 is divided by -4 + (10 - -22) + -11.
16
Suppose -45 = -2*v - 5*b, 4*v + 10*b - 66 = 8*b. Let l = 7 - 3. Suppose -l*k + 98 = -14. Calculate the remainder when k is divided by v.
13
Let x(l) = 4*l**2 + 7*l - 16. What is the remainder when ((-2)/3)/((-4)/216) is divided by x(2)?
8
Let k(x) = x**3 - 2*x**2 + 2*x + 14. Calculate the remainder when 61 is divided by k(4).
7
Let r = -137 - -187. Calculate the remainder when r is divided by 17.
16
Let s be 5/3*3*(0 + -4). Let b = 43 + s. Calculate the remainder when b is divided by 13.
10
Let g be 8/28 - 440/(-28). Suppose -3*u = -4*u + 1. Calculate the remainder when 14 is divided by u*9 + (g - 20).
4
Suppose 16*s = 2*s + 28. Calculate the remainder when 12/(-16) - (-46)/8 is divided by s.
1
Suppose 4*l = -5*m + 7, -4*m - 4 = -2*l + 6. Calculate the remainder when 19 is divided by l.
1
Let c = 158 - 73. Calculate the remainder when c is divided by 43.
42
Let w be -3 + 5 + 1 + -3. Suppose 4*f - 5*z = 88, -2*f - 4*z = -w*f - 70. Calculate the remainder when 106 is divided by f.
25
Suppose 50 = k + 4*k. Let o(n) = -n**3 + 6*n**2 + 10*n - 5. Suppose 29 = 3*t + 4*i, 5*t - 2 = 2*i + 29. What is the remainder when o(t) is divided by k?
6
Suppose -16 = -4*u, -2*u - 68 + 271 = 5*x. Suppose 2*n = 5*n - 24. Calculate the remainder when x is divided by n.
7
Let n = 283 + -152. Let b = -116 + n. Calculate the remainder when b is divided by 4.
3
Suppose -9*a = -4*a. What